 base 11.
13
Convert -1 (base 15) to base 6.
-1
Convert 5 (base 13) to base 11.
5
Convert 21 (base 3) to base 14.
7
Convert -5 (base 6) to base 10.
-5
What is 35 (base 15) in base 6?
122
What is 25 (base 12) in base 14?
21
Convert 1 (base 16) to base 3.
1
-1010 (base 2) to base 9
-11
What is 2 (base 7) in base 9?
2
Convert 56 (base 16) to base 3.
10012
643 (base 8) to base 16
1a3
112 (base 10) to base 16
70
Convert 1 (base 5) to base 11.
1
Convert 35 (base 12) to base 14.
2d
-111 (base 3) to base 13
-10
-141 (base 6) to base 14
-45
Convert -5 (base 12) to base 4.
-11
What is 32 (base 6) in base 7?
26
2e (base 15) to base 5
134
What is 10 (base 11) in base 9?
12
Convert 1 (base 9) to base 14.
1
What is 12 (base 5) in base 15?
7
Convert -4 (base 14) to base 13.
-4
What is -10 (base 3) in base 12?
-3
What is -2231 (base 4) in base 16?
-ad
What is -6 (base 11) in base 4?
-12
Convert -84 (base 12) to base 7.
-202
Convert -18 (base 11) to base 13.
-16
What is -2 (base 14) in base 15?
-2
Convert -34 (base 13) to base 5.
-133
1 (base 2) to base 8
1
Convert 4 (base 6) to base 14.
4
What is 100 (base 2) in base 10?
4
a (base 13) to base 6
14
Convert 3 (base 8) to base 12.
3
-2 (base 15) to base 4
-2
What is -7 (base 14) in base 13?
-7
Convert 3 (base 8) to base 12.
3
-19 (base 11) to base 16
-14
Convert -13 (base 10) to base 8.
-15
Convert -6 (base 7) to base 3.
-20
-7 (base 12) to base 13
-7
What is -93 (base 13) in base 11?
-aa
What is 82 (base 13) in base 5?
411
What is -7 (base 11) in base 7?
-10
Convert 6 (base 11) to base 13.
6
Convert 14 (base 15) to base 7.
25
-10000 (base 2) to base 10
-16
Convert -10 (base 9) to base 7.
-12
-10120 (base 3) to base 10
-96
What is 10 (base 8) in base 7?
11
Convert -6 (base 11) to base 6.
-10
Convert 58 (base 11) to base 3.
2100
What is -38 (base 12) in base 5?
-134
What is 23 (base 12) in base 11?
25
Convert -13 (base 8) to base 15.
-b
Convert d (base 15) to base 6.
21
Convert 2 (base 9) to base 6.
2
1132 (base 4) to base 3
10111
Convert -54 (base 16) to base 7.
-150
Convert 3 (base 5) to base 3.
10
Convert -1 (base 7) to base 4.
-1
What is 12 (base 8) in base 5?
20
What is -6 (base 12) in base 2?
-110
Convert -4 (base 14) to base 7.
-4
Convert 3 (base 14) to base 11.
3
What is 6 (base 7) in base 11?
6
Convert 58 (base 13) to base 10.
73
1231 (base 5) to base 12
13b
Convert -3 (base 4) to base 7.
-3
270 (base 8) to base 16
b8
Convert -5 (base 15) to base 4.
-11
What is 1010 (base 2) in base 5?
20
b2 (base 15) to base 3
20012
What is -10 (base 9) in base 14?
-9
-241 (base 7) to base 3
-11201
Convert 100 (base 2) to base 9.
4
21 (base 5) to base 10
11
Convert -1 (base 13) to base 8.
-1
-9 (base 14) to base 12
-9
-1 (base 11) to base 3
-1
Convert 179 (base 11) to base 3.
21200
What is -464 (base 7) in base 12?
-182
What is 3d (base 14) in base 16?
37
What is 2 (base 5) in base 7?
2
What is 30 (base 11) in base 10?
33
-7 (base 16) to base 13
-7
What is 56 (base 16) in base 7?
152
4 (base 8) to base 9
4
What is -4 (base 5) in base 13?
-4
What is -2 (base 15) in base 7?
-2
Convert -3 (base 5) to base 16.
-3
Convert 29 (base 14) to base 13.
2b
2 (base 9) to base 3
2
Convert -2 (base 13) to base 10.
-2
300 (base 6) to base 5
413
-1 (base 5) to base 6
-1
6 (base 16) to base 15
6
What is 30 (base 7) in base 12?
19
What is -30 (base 8) in base 11?
-22
Convert 23 (base 5) to base 2.
1101
10122 (base 3) to base 9
118
What is 20001 (base 3) in base 16?
a3
Convert -25 (base 8) to base 7.
-30
What is 121 (base 6) in base 16?
31
What is -70 (base 14) in base 15?
-68
8 (base 15) to base 10
8
Convert 7 (base 12) to base 4.
13
-17 (base 8) to base 9
-16
Convert -56 (base 9) to base 3.
-1220
Convert -29 (base 10) to base 11.
-27
Convert -12 (base 4) to base 15.
-6
What is 2 (base 6) in base 12?
2
1e (base 16) to base 3
1010
What is 263 (base 8) in base 12?
12b
What is 5 (base 14) in base 9?
5
57 (base 10) to base 7
111
1 (base 10) to base 15
1
What is 6 (base 7) in base 11?
6
1 (base 15) to base 4
1
What is -2 (base 8) in base 11?
-2
What is -22100 (base 3) in base 2?
-11100001
Convert 10012 (base 3) to base 2.
1010110
Convert -2 (base 8) to base 5.
-2
Convert -3 (base 7) to base 10.
-3
Convert 10 (base 3) to base 7.
3
-3 (base 11) to base 14
-3
Convert 7 (base 9) to base 7.
10
What is 10 (base 7) in base 16?
7
Convert 1 (base 5) to base 6.
1
40 (base 5) to base 3
202
-11 (base 4) to base 14
-5
Convert 0 (base 13) to base 2.
0
What is -22 (base 5) in base 11?
-11
Convert -21 (base 12) to base 8.
-31
Convert 4 (base 12) to base 16.
4
Convert 6 (base 11) to base 5.
11
Convert -336 (base 8) to base 10.
-222
What is -72 (base 10) in base 9?
-80
What is 100 (base 3) in base 4?
21
What is -3 (base 11) in base 15?
-3
Convert -19 (base 12) to base 7.
-30
Convert -10001 (base 2) to base 3.
-122
0 (base 10) to base 3
0
-210 (base 3) to base 12
-19
What is 6a (base 12) in base 2?
1010010
-28 (base 9) to base 16
-1a
Convert -11 (base 2) to base 3.
-10
102101 (base 3) to base 4
10303
-262 (base 8) to base 3
-20121
Convert -55 (base 6) to base 16.
-23
Convert 30 (base 14) to base 7.
60
What is -2 (base 11) in base 7?
-2
Convert 11001 (base 2) to base 5.
100
What is -2 (base 13) in base 8?
-2
Convert 34 (base 9) to base 8.
37
What is -110 (base 4) in base 8?
-24
-27 (base 11) to base 15
-1e
434 (base 6) to base 14
bc
Convert 0 (base 2) to base 13.
0
What is 23 (base 8) in base 12?
17
What is 5 (base 7) in base 15?
5
Convert -24 (base 15) to base 2.
-100010
11 (base 4) to base 15
5
What is -19 (base 16) in base 10?
-25
What is 1 (base 16) in base 4?
1
What is -3 (base 10) in base 14?
-3
Convert -227 (base 8) to base 3.
-12121
Convert 0 (base 7) to base 4.
0
What is 48 (base 16) in base 8?
110
What is -12 (base 11) in base 13?
-10
Convert -5 (base 11) to base 4.
-11
-13 (base 14) to base 12
-15
What is 1022 (base 4) in base 9?
82
What is 4 (base 12) in base 8?
4
What is 1012 (base 5) in base 11?
110
Convert -144 (base 6) to base 12.
-54
Convert 1 (base 13) to base 6.
1
Convert -1110 (base 3) to base 9.
-43
Convert -11 (base 3) to base 10.
-4
What is a (base 11) in base 16?
a
-10 (base 6) to base 15
-6
-1110 (base 2) to base 3
-112
-2b (base 13) to base 3
-1101
Convert -6 (base 10) to base 5.
-11
Convert -3 (base 7) to base 11.
-3
What is -12 (base 4) in base 10?
-6
What is -1113 (base 5) in base 2?
-10011110
What is 10 (base 3) in base 4?
3
Convert -2 (base 3) to base 12.
-2
Convert -9a (base 15) to base 16.
-91
What is -a1 (base 16) in base 9?
-188
Convert 8 (base 9) to base 2.
1000
What is 9 (base 13) in base 3?
100
What is -8 (base 11) in base 15?
-8
-3 (base 14) to base 12
-3
0 (base 15) to base 10
0
b (base 16) to base 6
15
What is 7 (base 14) in base 16?
7
Convert -2222 (base 4) to base 2.
-10101010
What is 2 (base 4) in base 6?
2
What is -10 (base 5) in base 13?
-5
Convert -a4 (base 12) to base 7.
-235
What is -2 (base 5) in base 6?
-2
11 (base 2) to base 7
3
Convert -5 (base 12) to base 7.
-5
Convert -5 (base 14) to base 4.
-11
What is -10 (base 4) in base 11?
-4
142 (base 9) to base 15
7e
Convert 25 (base 7) to base 11.
18
70 (base 10) to base 3
2121
8 (base 16) to base 4
20
1000001 (base 2) to base 16
41
Convert -100 (base 15) to base 14.
-121
What is 12 (base 7) in base 11?
9
-33 (base 11) to base 5
-121
-33 (base 12) to base 5
-124
Convert -29 (base 14) to base 12.
-31
136 (base 8) to base 9
114
Convert 306 (base 9) to base 3.
100020
12 (base 14) to base 13
13
What is -7 (base 8) in base 16?
-7
Convert -6 (base 13) to base 11.
-6
What is 11 (base 2) in base 9?
3
3 (base 14) to base 13
3
Convert 152 (base 11) to base 12.
12a
What is 417 (base 9) in base 12?
244
d (base 14) to base 11
12
Convert -10 (base 6) to base 14.
-6
Convert 8 (base 14) to base 11.
8
-3 (base 7) to base 11
-3
Convert -9 (base 13) to base 2.
-1001
Convert -4 (base 16) to base 13.
-4
What is -19 (base 15) in base 11?
-22
What is -96 (base 12) in base 6?
-310
-3 (base 10) to base 15
-3
6 (base 7) to base 5
11
-6 (base 7) to base 5
-11
-16 (base 10) to base 8
-20
Convert -34 (base 8) to base 9.
-31
What is 150 (base 10) in base 5?
1100
100000 (base 2) to base 5
112
What is -15b (base 12) in base 9?
-258
7 (base 12) to base 8
7
Convert -1010 (base 2) to base 7.
-13
W